 third derivative of c**4/8 - c**2 + 257*c. Calculate j(n).
-6
Let v = -49 - -42. Let d(a) = 3*a**2 - 10*a + 9. Let f(i) = -2*i**2 + 5*i - 5. Let y(x) = v*f(x) - 4*d(x). What is y(-4)?
11
Let r(f) = 3*f - 16. Suppose 6*u - 65 = u. Let l = 19 - u. Let s be r(l). Let o(m) = -2*m**3 + m + 2. What is o(s)?
-12
Suppose 0 = 4*f - 4 - 20. Suppose 0 = -r - 3*d - f, r + 5 = -4*d + 2*d. Let t(h) = -h**3 - 3*h**2 + 2*h + 4. Give t(r).
-2
Let n = -19 - -21. Let p(k) = -k**n - 4 + 0*k**2 - 5*k + 0. Let o be p(-3). Let f(w) = -w - 2. What is f(o)?
-4
Let z(d) be the first derivative of d**4/4 - 4*d**3/3 + 3*d**2/2 - d - 2. Suppose 0*i - 4 = -2*i. What is z(i)?
-3
Suppose -4*m + 4 = 2*b + 24, 4*m - 3*b = 0. Let r be (-6 - m) + 1 + 3. Let j(g) = -g - 3*g + 3*g + 3*g + r - g**2. What is j(2)?
1
Let l(m) = 3*m - 1. Let t(v) = v**2 + 23*v + 23. Let s be t(-22). Give l(s).
2
Suppose -4*t + 28 = -4*w, 44*t = 47*t + 2*w - 16. Let o(u) = -2*u - 13. Let r(c) = 5*c + 38. Let n = -10 + 7. Let d(v) = n*r(v) - 8*o(v). Calculate d(t).
-4
Let t(i) = -2*i**2 - 10*i - 3. Let w be t(-5). Let f be (-1)/(-4) - (-14)/8. Let q(a) = 8*a**2 + 5*a - 2*a + a**3 - 3*a**f. What is q(w)?
9
Let w be 1 + (0 - -1 - -1). Let o(k) be the second derivative of -14*k - 1/2*k**2 + 0 + 1/20*k**5 - 2/3*k**3 - 1/6*k**4. Calculate o(w).
-4
Let p(f) = 11 - f + 209*f**2 + 9 - 210*f**2 + 9*f - 7. Calculate p(10).
-7
Suppose 43*n - 43 + 0 = 0. Let g(t) = -t**3 + t**2 - t + 1. What is g(n)?
0
Let c(h) = h. Let k(p) = -p**2 - 13*p - 5. Let i(r) = -6*c(r) - k(r). Let d be i(-8). Let a(x) = 7*x + 6 - d - 6*x. What is a(4)?
-3
Suppose -3*h + 154*x = 149*x + 43, h - 4*x + 26 = 0. Let m(b) = 7*b - 10. Calculate m(h).
-52
Let d(p) = 5*p**3 - 15*p**2 + 21*p + 15. Let b(c) = 16*c + 921*c**2 + 8 + 3*c**3 - 929*c**2 - 5*c. Let i(w) = -7*b(w) + 4*d(w). Give i(-5).
-6
Let v = -13 + 18. Suppose -3*h - 2 = -v. Let b(y) be the second derivative of 7*y**4/12 + y**3/3 - y**2/2 + 15*y. Calculate b(h).
8
Let i(f) = -67 + 6*f + 81 - 6*f + f. What is i(-5)?
9
Let u(x) = x**2 + 3*x + 2. Let m be u(-3). Let f(b) = 1 - m + 0*b - 3*b + 4. Let h = -12 - -7. Give f(h).
18
Let j(n) = 13*n**2 + n. Suppose 7*z = 11*z + 56. Let t(o) = o + 13. Let q be t(z). Calculate j(q).
12
Let o(a) = 11*a**3 - a + 1. Let j = 145 + -144. What is o(j)?
11
Let b(j) = j**2 - 6*j - 9. Let f(p) = -p**2 + 41*p + 345. Let m be f(-7). Calculate b(m).
18
Let w = -13 - -12. Let j(l) = -75*l + 45*l + 35*l - 1. Determine j(w).
-6
Let d(p) = 6*p**2 + 50*p - 29. Let n be d(-9). Let w(r) = -7*r - 10. What is w(n)?
-59
Let f(l) = -l + 15. Let k be f(5). Let m(c) = -2*c + c - 8 - 4*c + k. Let r = 2 + -4. Determine m(r).
12
Let m = 4 + -1. Suppose 0 = -5*p - m*v + 4, -3*v = -2*p + 10. Let j(y) = 4*y**p + 2*y - 3*y - 1 - 3*y**2 + 2*y. Calculate j(-2).
1
Suppose -75*m - 570 = -120. Let d be (0 - 2)/(-2) + 2. Let o(v) = 11*v - 2*v - 5*v**2 - v + 1 - v**d. Determine o(m).
-11
Let u(z) = z + 14*z**2 - 3*z**2 - 12*z**2 + 1. Suppose -3*m - 6*r - 1 = -5*r, 6 = 2*m + 2*r. Determine u(m).
-5
Let k be (-2)/2 + 5 + -2. Let v be 64/(-40)*(-5)/k. Let m(y) be the third derivative of y**6/120 - y**5/12 + y**4/6 + y**3/2 - 7*y**2. Give m(v).
3
Suppose i + 35 = -4*x, -2*i + 36 = -3*i - 5*x. Let f = 25 - i. Let q be (98/f)/((-1)/4). Let c(w) = -w - 5. Give c(q).
2
Let q(w) = -11*w + 5. Suppose 66 = 33*b - 11*b. Calculate q(b).
-28
Let h(p) = -p**3 + 3*p**2 + 2*p - 3. Let x(w) = w**3 - 5*w**2 - 3*w - 15. Suppose m - 3 - 3 = 0. Let f be x(m). Determine h(f).
3
Let g(w) = w**2 + 6*w + 4. Let s be g(-4). Let x(u) be the second derivative of -u**5/20 - 5*u**4/12 - 5*u**3/6 + 32*u. Determine x(s).
4
Let h(o) = -2*o**2 - 21*o + 11. Suppose 55*g - 154 = 69*g. Give h(g).
0
Let c(l) be the third derivative of 1/6*l**3 + 0*l - 1/30*l**5 - 1/40*l**6 + 0*l**4 - 25*l**2 + 0. Determine c(-1).
2
Let u(y) = y**2 + 9*y + 5. Let z be u(-9). Suppose i - z + 3 = 0. Suppose -i*p + d = 5*d + 2, 0 = -d - 3. Let v(m) = m**3 - 7*m**2 + 6*m + 6. Determine v(p).
-14
Let i(u) = -5*u**3 - 1. Let o = 34 + -33. Suppose c - 2 = 2*j, -2*c + o = 2*j - 9. Give i(j).
-6
Let i(l) be the second derivative of l**4/12 - l**2 + 65*l. Determine i(0).
-2
Let t(x) = 2*x**3 - 22*x**2 - 22*x - 21. Suppose 8*i + 276 = 31*i. Give t(i).
3
Let b(y) = 2*y + 4*y - 2*y - 1 + 4*y**2 - 5*y**2. Let u = -459 + 461. What is b(u)?
3
Let t(x) be the third derivative of x**5/60 + x**4/4 + 8*x**2. Suppose 0 = -3*v + v. Let b be (-6)/(1 - (v - 0)). Calculate t(b).
0
Let k(g) = 8 + 2 + 12*g**2 - 13*g**2 + 4*g - 7 + g. Give k(6).
-3
Let i = 2327/2 + -1163. Let a(y) be the second derivative of 5/6*y**3 - 4*y + 0 + 1/4*y**4 - 1/20*y**5 - i*y**2. What is a(4)?
3
Let m(r) be the second derivative of -r**4/12 + 11*r**3/6 + 7*r**2 + r + 210. Give m(12).
2
Let y(j) = -11*j - 15. Let h be ((-6)/(-5))/((-6)/(-15)). Suppose -22 - 13 = -5*g. Let v(b) = 5*b + 7. Let c(l) = g*v(l) + h*y(l). Determine c(-3).
-2
Let z(i) be the first derivative of -i**3 - i**2/2 - 3*i + 214. Determine z(-2).
-13
Let k = -1030 - -1030. Let r(s) = s**3 + s**2 - 6. Give r(k).
-6
Let d(k) be the second derivative of k**4/12 + 4*k**3/3 + 9*k**2/2 - k. Suppose 0 = 2*p + 2*u + 18, 2*u + 8 = -4*p - 24. What is d(p)?
2
Let c(x) = -2*x**2 + 2. Let u(w) = w**3 - 30*w**2 - 30*w - 33. Let r be u(31). Calculate c(r).
-6
Let l(w) be the third derivative of w**7/1260 - w**6/90 - w**5/60 + 11*w**2. Let h(k) be the third derivative of l(k). Calculate h(6).
16
Let g be ((-5)/7*4)/(44/154). Let w(c) = c**2 + 13*c + 30. Calculate w(g).
0
Let g = 15 + -12. Suppose 0*j + 4*j = -4*b + 4, 3*b = j + g. Let h(f) = 5*f**2 - f + 1. Let u(q) = -q**2 - q - 1. Let p(i) = b*h(i) + 6*u(i). Determine p(-4).
7
Let s be (-40)/6 - 44/(-66). Let l(v) = -v**3 - 7*v - 7*v**2 - 5 + v**3 - v**3. Give l(s).
1
Let n(o) = -o - 16. Let d = -69 - -69. What is n(d)?
-16
Let n(h) be the second derivative of -h**5/20 + h**4/6 - h**3/6 + 2*h**2 + 3*h. Let p = 7 + 9. Suppose -3*z = -m - 11, 3*z - 5*z + 5*m + p = 0. Give n(z).
-8
Let q(w) = 19*w**2 + 7*w + 23. Let p(l) = -4*l**2 - 1. Let f(v) = -5*p(v) - q(v). Give f(9).
0
Let m(d) be the first derivative of -d**2 - 7*d - 13. Let g(o) = -o - 4. Let s(t) = -5*g(t) + 3*m(t). Give s(7).
-8
Let y be (2 + (-3 - 0))*2. Let h(t) be the second derivative of -7*t**3/6 - 12*t. Give h(y).
14
Let t = -821 + 815. Let q(v) be the third derivative of v**5/60 + v**4/4 + v**3/2 - 4*v**2. What is q(t)?
3
Let t(x) be the second derivative of -x**4/12 + x**3/6 + x**2/2 - x. Let a be t(-2). Let q(s) = -3*s + 5*s + 85 - 43 - 39. Determine q(a).
-7
Let c(u) = -u**2 + 2*u + 3. Suppose 3*h - 4*h = 4*j + 52, 5*j - 3*h + 48 = 0. Let b be (6/j - 1) + (-2)/4. Give c(b).
-5
Let y(j) be the first derivative of -2*j**2 - j - 6. Give y(4).
-17
Let g(r) = -22 + r + 74 - 52 - 18*r**2. What is g(-1)?
-19
Suppose 0*w + 20 = 5*w. Let i be w/(-18) - 40/(-18). Let d(h) = -2*h - 2*h + i + h**2 - 3. Give d(3).
-4
Let n = -90 - -94. Let t(b) = b**3 - 4*b**2 + b - 4. What is t(n)?
0
Let p be ((-36)/6 - -4)/((-2)/(-3)). Let n(b) = -2*b**2 - 6*b. Let g(f) = -f**2 - 3*f. Let h(u) = 7*g(u) - 4*n(u). Determine h(p).
0
Let o(i) be the third derivative of i**6/24 - i**3/6 - 5*i**2. Let x(u) = u - 5. Let r(p) = -5*p**3 - 2*p - 1. Let t be r(-1). Let l be x(t). Calculate o(l).
4
Suppose 2*a + 1 - 29 = 0. Let u(n) = -12*n + 3 + a*n - 6*n**2 + 10*n**2. Calculate u(-2).
15
Let m(q) = q**2 + 3. Suppose 4*g = 6*g - 8. Suppose o - 16 = -2*o - 5*u, g*u - 26 = 2*o. Determine m(o).
12
Let i be (-3 - (-5)/(-1)) + 2. Let o(b) = -2*b + 9. Let f(w) = -3*w - 4. Let m(z) = -4*z - 5. Let u(l) = 5*f(l) - 4*m(l). Let n(v) = -o(v) - 4*u(v). Give n(i).
3
Let p(i) = i**3 + 3*i**2 + i. Let t be p(-2). Suppose -3*y - 4 = 5*m, -m = 2*y + t*y - 6. Let b be -2 - y*(-7 + 3). Let q(u) = u - 4. Calculate q(b).
2
Let d(l) = 11*l - 7. Let z be d(2). Suppose 1 = -4*p - z. Let n(c) = 4 + 0 - 1 + 2*c. Calculate n(p).
-5
Let t(x) = x. Let f be t(9). Let d(z) be the third derivative of -z**4/24 + z**2. Let u(i) = 2*i - 1. Let a(w) = f*d(w) + 4*u(w). Determine a(0).
-4
Let m = 2 - -20. Let y be (-4)/m + (-688)/88. Let u(p) = p**2 + 9*p + 6. Let d be u(y). Let w(q) = -q**2 + q - 1. Give w(d).
-7
Let a(g) = -3*g + 0 + 0. Let y be ((-2)/(-3))/(78/(-234)). Determine a(y).
